f**4/12 - 13*f**3/6 + 33*f**2/2 + 7*f - 28. Determine b(-14).
19
Let y(h) = -h**3 - 6*h**2 + 6*h + 58. Let m be y(-4). Let r(a) = 6*a + 2. Give r(m).
14
Let w(i) = 7*i**2 - 12*i + 4. Let x(b) = -13*b**2 + 23*b - 8. Let z(s) = 11*w(s) + 6*x(s). Suppose -10 = -4*k + 6. What is z(k)?
4
Let k(m) = 3*m**2 - 22*m - 1. Let a(t) = t**2 - 7*t. Let n(v) = 8*a(v) - 3*k(v). Calculate n(10).
3
Suppose 0 = -2*v - 16 + 6. Let m = v - -8. Suppose t = 3*y + 17, -3*t - 15 = m*y - y. Let i(u) = u**3 + 6*u**2 - 2*u - 7. What is i(y)?
5
Suppose 3*w - 12 = 0, 0 = 5*f + 5*w + 7 + 3. Let z(n) = n**3 + 6*n**2 + 9*n + 7. Determine z(f).
-47
Let h(c) = 2*c + 3. Let o(j) = -19 - 26 - 17*j**2 + 42 - j**3 - 16*j. Let y be o(-16). Give h(y).
-3
Let m(l) = -3*l**2 - 11*l + 3. Let p(j) = -4*j**2 - 17*j + 5. Let r(u) = 7*m(u) - 5*p(u). Suppose -2 = -12*x + 82. Determine r(x).
3
Let o(t) = -4*t - 12. Let w = 228 + -232. Calculate o(w).
4
Let z(c) be the second derivative of 0 + 7/6*c**3 - 27*c - 1/2*c**2. What is z(1)?
6
Suppose 15 = -9*s + 6. Let z(g) = 31*g**3 + 2*g**2 - 1. Determine z(s).
-30
Let r(t) = t**3 + t**2 - t. Let j(w) = -8*w + 8*w**2 + 8*w**2 - 17*w**2 + 6*w**3 + 0*w**2 + 5. Let g(s) = -j(s) + 5*r(s). Give g(6).
13
Let j(x) be the second derivative of -x**4/12 - x**3/6 - 2*x. Let w = -25 + 27. Determine j(w).
-6
Let v(j) be the first derivative of j**5/120 + 7*j**4/24 + j**3/3 + 1. Let o(c) be the third derivative of v(c). Suppose 4*i + 19 = -5. What is o(i)?
1
Suppose 2 = 2*f, -2*z + 7 = -3*f - 4. Suppose 4*v + z*v = -33. Let h(w) = 4*w + 3. Determine h(v).
-9
Let a(h) = 3*h**3 + 18*h**2 - 18*h + 22. Let p(t) = -10*t**3 - 54*t**2 + 54*t - 68. Let g(y) = -7*a(y) - 2*p(y). Calculate g(-19).
1
Let t(l) = -3*l**3 - 2*l**2 - 8*l - 7. Let g(c) = c**3 + c**2 + c + 1. Let q = -2 + 20. Let k = q - 14. Let u(v) = k*g(v) + t(v). Calculate u(-3).
0
Let a(l) = l**2 + 4*l + 5. Let t be a(-3). Let o(z) = 4 + 2*z**t - 3*z**2 + 5*z - 3*z. Give o(-3).
-11
Let u be ((-14)/(-3))/(-7)*3. Let s be (14/(-1))/(u + 0). Let i(h) = s - 9 + 4 - 6*h + h**2. What is i(5)?
-3
Suppose -3*j + 9*j = -96. Let c = j - -16. Let i(x) = -x**2 - x + 1. Give i(c).
1
Let x(m) = -m. Let h be (-8)/(-3) + -3 + 150/(-9). Let k(n) = -n**3 - 17*n**2 - 6. Let w be k(h). Give x(w).
6
Suppose -2*a + a = -6. Let i(p) = -59 + 12*p**2 + p + 5*p + 66 - 13*p**2. Give i(a).
7
Let f(w) = -9*w + 7. Let a(h) = -4*h + 3. Let k(i) = 7*a(i) - 3*f(i). Let n = 1 + -3. Let t = n - -8. Calculate k(t).
-6
Let r(p) = 7*p**2 - 10*p + 15. Let g(j) = 15*j**2 - 20*j + 30. Let w(i) = 6*g(i) - 13*r(i). Give w(7).
6
Let q = -113 - -177. Let g(v) = -q*v - 56*v + 2 + 119*v. Give g(3).
-1
Let n(z) be the second derivative of z**8/6720 + z**7/360 + z**6/240 - z**5/30 + 3*z**4/4 - z. Let h(m) be the third derivative of n(m). Determine h(-6).
14
Let r(t) = -t**3 - 13*t**2 - 22*t - 2. Let j be ((-304)/(-228))/((-4)/33). What is r(j)?
-2
Let r(o) = -o**2 + 8*o - 7. Let q(y) = y**2 - 7*y + 11. Let a(z) = z**3 - 4*z**2 + 6. Let h be a(4). Let d be q(h). Calculate r(d).
8
Let w(i) = 3*i**2 - 35649 - 2*i + i**3 + 35641 + 4*i**2. Give w(-7).
6
Let p(o) be the second derivative of -o**8/6720 - o**7/504 + o**6/90 + 3*o**5/40 + 9*o**4/4 - 2*o. Let h(k) be the third derivative of p(k). Give h(-6).
-3
Let y(r) = 273 - 4*r + 6*r - 275 + 0*r + 4*r. Determine y(-6).
-38
Let k(t) be the second derivative of 7/24*t**4 + 7/60*t**5 - 3*t**2 + 1/120*t**6 + 0 + 1/3*t**3 + 5*t. Let w(y) be the first derivative of k(y). Give w(-6).
-4
Let q(x) be the third derivative of -x**6/120 - x**5/15 + x**4/24 - 2*x**3/3 + 116*x**2. Calculate q(-5).
16
Suppose 3*j = -0*j. Let o be -3*(-2)/(-6 + j). Let t be (o - -7 - 3) + 0. Let b(h) = h**2 - 3*h - 1. Calculate b(t).
-1
Let o(g) = -g + 1. Let a(j) = -2*j - 1. Let i(u) = -3*a(u) - o(u). Give i(-1).
-5
Suppose -4*u - 8 = -6*u. Let z be (-2)/(-6) + (-22)/(-6). Let c(m) = -6*m**2 - m**3 - 6*m + u*m - z - 3. What is c(-6)?
5
Let z(q) = -2 - q - 6 + 8 - 1. Give z(-5).
4
Let j = -4 - -8. Suppose 4*d = 5 + 3. Let p(x) = -6*x + x**3 - x**d + j*x + 2 - x + 4*x**2. Determine p(-3).
11
Let l be -143 + ((-3)/3)/1. Let i = l + 152. Let q(d) = -d**3 + 7*d**2 + 9*d - 8. Determine q(i).
0
Let k = -1220 - -1222. Let y(g) be the second derivative of 0 - 1/2*g**4 - 5*g - 1/6*g**3 - 1/20*g**5 - 4*g**k. Give y(-6).
-2
Let q(i) = 2*i**3 - 2*i - 1. Let n(r) = r**2 + 19*r + 23. Let g be n(-18). Suppose 0*c = g*c - 65. Let z = c - 14. Determine q(z).
-1
Let v(t) = t**3 + 31*t**2 + 59*t + 34. Let c be v(-29). Let o(h) = -h**3 + 2*h**2 + 14*h - 4. Determine o(c).
-9
Let l(j) be the first derivative of j**2/2 - 3*j - 6. Let p = 464 + -462. Determine l(p).
-1
Let i = -46 - -47. Let o(w) = 0*w**2 + 7*w**3 + w**2 - i - 6*w - 6*w**3 + 2*w**2. Calculate o(-4).
7
Let v(n) = n. Let j(y) = y - 20. Let l(c) = j(c) - 2*v(c). Let f be 3/(-12)*2*(10 - -8). Determine l(f).
-11
Let w(s) be the third derivative of -s**6/120 - s**5/30 + s**3/6 + 132*s**2. Let q be (-2)/3 + (-8)/6. Calculate w(q).
1
Let m(o) = -o**3 - 24*o**2 - 44*o - 13. Let c be m(-22). Let u(q) = -q**3 - 13*q**2 + 2. Give u(c).
2
Let g(t) = 23*t + 7*t**2 - 28*t - 5*t**2. Give g(5).
25
Let q(d) = d**3 + 2*d - 6. Let o(b) = b**2 + 39*b + 170. Let h be o(-34). What is q(h)?
-6
Suppose 4*g = -16, -2*o - 6*g - 4 = -5*g. Let f(q) = -2*q - 1 + 3*q + 3 + o*q + q**2. Give f(0).
2
Let u(b) = -b**2 - 9. Let l(v) = v - 2. Let w = 13 + -13. Let d be w/5 - (-1 - 1). Let o be l(d). What is u(o)?
-9
Let g(b) = -11*b - 15. Let w(f) = 45*f + 64. Let q(i) = 9*g(i) + 2*w(i). Calculate q(-3).
20
Let v(t) = -51 - 15*t + 52 + 11*t + t**2. Let d be (-2)/(-6) - -3 - 1/3. Calculate v(d).
-2
Let p(y) = -y**3 - 7*y**2 + 7*y - 3. Let d be 2/((-6)/15) - (-3)/(-1). Determine p(d).
5
Let y(i) be the second derivative of i**3/6 + 3*i**2/2 + 2*i. Let v = -24 - -29. Give y(v).
8
Suppose -90*y + 138 = -67*y. Let m(d) = d**3 - 5*d**2 - 7*d + 5. Calculate m(y).
-1
Let i(m) = -m**2 + 2*m - 2. Let l(b) = -3*b**2 + 1. Let p(u) = 4*i(u) - l(u). Determine p(8).
-9
Let p(d) = -3*d**2 - 3*d + 3. Let g be p(-3). Let r = 15 + g. Let l(f) = 2 - 6*f + 7*f - 9. Determine l(r).
-7
Let l(o) = -o**3 + o**2 - o + 2. Suppose -3*z = 5*c - 4, 2*c - 10 = -0*c + 3*z. Suppose c*d - 5 = 3. Suppose n = -d*n. Determine l(n).
2
Let s(z) be the third derivative of -z**4/6 + 5*z**3/6 + z**2 - 82*z. Determine s(4).
-11
Let n(d) = -3*d**3 - 1 + d**3 - 12*d**2 + 10*d**2. Suppose 0 = 3*p - 3*i + 5 - 32, 4*i + 4 = -4*p. Suppose 0*q - 2*q - p = 0. What is n(q)?
7
Let i(u) be the second derivative of u**5/20 - 13*u**4/12 - 31*u**3/6 + 17*u**2/2 - 10*u - 4. Determine i(15).
2
Let c = -128 + 137. Let h = c - 10. Let i(b) = -10*b**3 + b**2 + 2*b + 1. What is i(h)?
10
Let x(v) = -34*v + 124*v - 3 - 29*v - 48*v - 23*v. Give x(3).
-33
Let g(y) = -3*y + 8. Let q(n) = -2*n**2 - 77*n - 41. Let z be q(-38). Determine g(z).
17
Let m(i) = -i**3 - 9*i**2 - 8*i - 4. Let f be -5 - 5*(-1 + 40/25). Calculate m(f).
-4
Let b(y) = -y**3 + 7 + 0*y + 5*y - 4*y - 5. Give b(2).
-4
Let l(q) be the first derivative of q**2 - 190. What is l(7)?
14
Let w(a) = 2*a + 1. Let f = 10 + -5. Let x(p) = p**3 - 8*p**2 + 11*p - 1. Let j be x(6). Let g = f + j. Calculate w(g).
-3
Let f(x) = -2*x - 7. Let s be (-92)/(-6) + (-2)/(-3). Let a = 17 + s. Let w be a/(-6) + (-1)/2. Give f(w).
5
Let c(l) be the second derivative of 0 + 5/6*l**3 + 2*l + 1/2*l**2. Calculate c(2).
11
Let t(y) = y**2 - 16*y - 1. Suppose -6*p = -20*p + 210. Calculate t(p).
-16
Let f(r) = r**2. Suppose 4*z = y + 4*y - 7, 2*z - 4*y + 8 = 0. Calculate f(z).
4
Let d(u) = -u**3 + 6*u**2 - 6*u - 5*u**2 + 5*u**2. Let a be 8 + (-5 - 16/(-8)). Give d(a).
-5
Let v(j) = 2*j**3 - 25*j**2 - 3*j + 10. Let h(n) = n**3 - 12*n**2 - n + 5. Let t(r) = 13*h(r) - 6*v(r). Calculate t(5).
5
Let l(i) = i**3 - 11*i**2 + i - 3. Suppose -4*g = -4*x + 40, 5*g + 7 - 1 = x. Determine l(x).
8
Let p(c) = -c**3 - 4*c**2 - 2*c + 1. Suppose 0 = -0*z - 2*z. Suppose z*y + 5*y + 5 = 0. Let v(a) = 5*a + 1. Let b be v(y). Determine p(b).
9
Let g(r) = 58 + 59 + 8*r - 119 + r - 4*r. What is g(9)?
43
Let y(d) = -2*d**2. Let n be ((-3)/(-3))/((-1)/(-3)). Suppose -4*r = 5*t - n*t - 2, 9 = -2*r + t. Calculate y(r).
-8
Let x(h) = 2*h + 1. Let m(v) = v - 1. Suppose -3*c = -2*a + 5, 4*